9
List the prime factors of 398502547.
73, 5458939
What are the prime factors of 103696520?
2, 5, 2592413
What are the prime factors of 32903038?
2, 7, 2350217
List the prime factors of 758678441.
19991, 37951
List the prime factors of 105960033.
3, 11773337
What are the prime factors of 2201904566?
2, 17, 19, 1249, 2729
What are the prime factors of 229357100?
2, 5, 7, 547, 599
List the prime factors of 527402595.
3, 5, 35160173
List the prime factors of 1984539648.
2, 3, 7, 13, 31, 229
What are the prime factors of 13535784?
2, 3, 37, 5081
What are the prime factors of 624617104?
2, 71, 549839
List the prime factors of 2456040398.
2, 7, 175431457
List the prime factors of 59063034.
2, 3, 23, 427993
List the prime factors of 95934258.
2, 3, 7, 108769
List the prime factors of 272020361.
272020361
List the prime factors of 126917997.
3, 223, 189713
List the prime factors of 338374443.
3, 11, 17, 54833
List the prime factors of 918141244.
2, 59, 3890429
What are the prime factors of 195662842?
2, 1381, 70841
What are the prime factors of 25023072?
2, 3, 277, 941
What are the prime factors of 1039537563?
3, 401, 864121
List the prime factors of 2646651.
3, 7, 126031
What are the prime factors of 163340546?
2, 81670273
List the prime factors of 198349004.
2, 7, 7083893
What are the prime factors of 1691924400?
2, 3, 5, 469979
List the prime factors of 204586494.
2, 3, 7, 4871107
List the prime factors of 158773243.
43, 3692401
List the prime factors of 117774740.
2, 5, 5888737
What are the prime factors of 11532067?
11532067
List the prime factors of 2963116798.
2, 1481558399
List the prime factors of 3089427057.
3, 2689, 127657
What are the prime factors of 42311240?
2, 5, 1057781
What are the prime factors of 5683031303?
17, 181, 1846939
List the prime factors of 241131084.
2, 3, 139, 144563
List the prime factors of 209837602.
2, 13, 23, 350899
What are the prime factors of 73052358?
2, 3, 12175393
What are the prime factors of 204058322?
2, 13, 83, 94559
What are the prime factors of 145221501?
3, 139, 348253
What are the prime factors of 360785419?
67, 179, 449
What are the prime factors of 23763358?
2, 79, 150401
What are the prime factors of 163053669?
3, 47, 181, 6389
What are the prime factors of 97271120?
2, 5, 79, 15391
List the prime factors of 80988540.
2, 3, 5, 1349809
List the prime factors of 70847427.
3, 7, 3373687
List the prime factors of 2663299956.
2, 3, 557, 398459
What are the prime factors of 72175400?
2, 5, 11, 53, 619
List the prime factors of 18165365.
5, 3633073
What are the prime factors of 612367586?
2, 661, 463213
List the prime factors of 280944130.
2, 5, 28094413
What are the prime factors of 47817281?
19, 457, 5507
What are the prime factors of 739553419?
11, 193, 348353
List the prime factors of 1007650142.
2, 19, 26517109
What are the prime factors of 35839058?
2, 73, 245473
List the prime factors of 12676043.
12676043
List the prime factors of 56221337.
1213, 46349
List the prime factors of 22848904.
2, 13, 83, 2647
List the prime factors of 87633461.
1093, 80177
List the prime factors of 2889809362.
2, 11, 17, 702433
List the prime factors of 195734484.
2, 3, 11, 281, 1759
List the prime factors of 34928403.
3, 19, 643, 953
What are the prime factors of 2358067453?
7, 1481, 227459
What are the prime factors of 2432346647?
14593, 166679
What are the prime factors of 43851536?
2, 2740721
List the prime factors of 512489692.
2, 11, 13, 47, 1733
What are the prime factors of 1604082255?
3, 5, 106938817
What are the prime factors of 45671411?
45671411
What are the prime factors of 347631650?
2, 5, 37, 187909
What are the prime factors of 15587195?
5, 13, 239803
What are the prime factors of 132753770?
2, 5, 13275377
What are the prime factors of 76425973?
13, 163, 36067
List the prime factors of 36574663.
36574663
List the prime factors of 157177813.
13, 37, 326773
What are the prime factors of 42345687?
3, 83, 170063
What are the prime factors of 889273?
7, 11, 11549
List the prime factors of 980858040.
2, 3, 5, 47, 61, 2851
List the prime factors of 243812412.
2, 3, 199, 34033
List the prime factors of 1241464908.
2, 3, 103455409
List the prime factors of 1522326987.
3, 19, 83, 35753
List the prime factors of 43766664.
2, 3, 149, 12239
List the prime factors of 5236116953.
29, 1187, 152111
What are the prime factors of 1767633485?
5, 31, 11404087
List the prime factors of 1524319522.
2, 11, 6298841
List the prime factors of 2833939677.
3, 944646559
List the prime factors of 1535815741.
67, 22922623
List the prime factors of 294368297.
3251, 90547
List the prime factors of 153048621.
3, 11, 227, 20431
What are the prime factors of 2614729258?
2, 181, 283, 25523
What are the prime factors of 98877827?
98877827
What are the prime factors of 57825272?
2, 739, 9781
List the prime factors of 1542646087.
23, 31, 463, 4673
List the prime factors of 69223343.
7, 59, 167611
What are the prime factors of 193377346?
2, 17, 389, 14621
List the prime factors of 85901702.
2, 43, 998857
List the prime factors of 1171396412.
2, 613, 477731
List the prime factors of 2180884916.
2, 7, 17, 53, 137, 631
What are the prime factors of 886136506?
2, 67, 6612959
List the prime factors of 136259059.
139, 353, 2777
What are the prime factors of 136834878?
2, 3, 1907, 11959
What are the prime factors of 346715034?
2, 3, 17, 59, 3389
List the prime factors of 198583657.
1381, 143797
What are the prime factors of 1538403274?
2, 5051, 152287
What are the prime factors of 1380885759?
3, 11, 167, 2531
List the prime factors of 60636777.
3, 20212259
List the prime factors of 29744344.
2, 7, 137, 3877
What are the prime factors of 9239863420?
2, 5, 29, 193, 197, 419
What are the prime factors of 28856187?
3, 3206243
What are the prime factors of 1842955038?
2, 3, 34128797
List the prime factors of 914953673.
914953673
List the prime factors of 1569282292.
2, 1511, 259643
List the prime factors of 332228122.
2, 166114061
What are the prime factors of 161856899?
161856899
List the prime factors of 358709622.
2, 3, 17, 251, 14011
What are the prime factors of 74450077?
13, 601, 733
List the prime factors of 8822327.
19, 53, 8761
List the prime factors of 1762325401.
89, 19801409
What are the prime factors of 398276573?
398276573
List the prime factors of 507506392.
2, 63438299
What are the prime factors of 1044640293?
3, 17, 73, 280591
List the prime factors of 87537518.
2, 43768759
What are the prime factors of 156902096?
2, 13, 754337
What are the prime factors of 14102901?
3, 277, 5657
What are the prime factors of 248638436?
2, 313, 198593
What are the prime factors of 790233530?
2, 5, 79023353
What are the prime factors of 629453514?
2, 3, 79, 163, 8147
List the prime factors of 1958819467.
11, 181, 601, 1637
List the prime factors of 4653834954.
2, 3, 389, 1993931
What are the prime factors of 310823960?
2, 5, 7770599
What are the prime factors of 1019874770?
2, 5, 101, 127, 7951
What are the prime factors of 73162531?
13, 5627887
What are the prime factors of 4872077347?
4872077347
List the prime factors of 108103044.
2, 3, 7, 1286941
What are the prime factors of 176885849?
7, 41, 616327
What are the prime factors of 17854452?
2, 3, 7, 11, 19, 113
List the prime factors of 640995252.
2, 3, 37, 1443683
List the prime factors of 44120578.
2, 23, 959143
List the prime factors of 6429991496.
2, 251, 3202187
List the prime factors of 3612873425.
5, 7, 79, 261329
List the prime factors of 48105507.
3, 16035169
List the prime factors of 196429610.
2, 5, 13, 193, 7829
List the prime factors of 52107829.
157, 331897
What are the prime factors of 4032717677?
31, 130087667
List the prime factors of 2704412382.
2, 3, 7, 59, 1091369
List the prime factors of 98682141.
3, 107, 173, 1777
List the prime factors of 129360028.
2, 7, 4620001
List the prime factors of 558996075.
3, 5, 11, 67, 3371
What are the prime factors of 16994166?
2, 3, 7, 47, 8609
List the prime factors of 576316502.
2, 288158251
List the prime factors of 170364635.
5, 7, 41, 227, 523
What are the prime factors of 136099651?
136099651
List the prime factors of 60365791.
29, 59, 35281
What are the prime factors of 1189489086?
2, 3, 1997, 33091
What are the prime factors of 113270683?